f -z**3 + 7*z**2/2 - 6*z - 6. Let b be h(4). Let y = 41 + b. What is the remainder when 27 is divided by y?
12
Suppose 3*m - 50 = 7. Let n = 45 + -26. Suppose 58 = o - 5*p, -o + n = -p - 51. What is the remainder when o is divided by m?
16
What is the remainder when (5/(-2))/((-47)/7614) is divided by 58?
57
Let d = 84 + -64. What is the remainder when 258 is divided by d?
18
Suppose 4*d + 2 = t - 5, d + 3 = -t. Let p be (3 - 2)*5 - t. Calculate the remainder when p/4*(-20)/(-6) is divided by 3.
2
Suppose -5*q + 2*q = -3. What is the remainder when q/((-12)/(-4))*93/1 is divided by (2 - -6)*(2 - 0)?
15
Suppose -3*v - 12 = -2*f + 1, -4*v = -4*f + 24. Let o(i) = -207*i**3 - i - 1. What is the remainder when o(v) is divided by 42?
39
Let p = 17 - 15. Suppose -4*q + 4 = 0, n = -p*n + 4*q + 50. Calculate the remainder when 41 is divided by n.
5
Suppose 601 = 16*x - 167. What is the remainder when x is divided by 22?
4
Suppose 5*a - 3*a - 42 = -2*t, 4*a - 4*t = 124. Suppose y + p - 19 = -2*y, -a = -2*y - 4*p. Calculate the remainder when 5 is divided by y.
0
Let t be -1*(4 + -2) + 27. Suppose t = 3*d - 2*d. Suppose -19 = -10*f + 71. Calculate the remainder when d is divided by f.
7
Let j(r) = -r**2 - 27*r + 15. What is the remainder when j(-22) is divided by 9?
8
Let x be (2 + -2)/((-3)/3). Suppose u + 5*s = x, -4*u + 43 + 49 = -3*s. Calculate the remainder when u is divided by 3.
2
Let v(m) = m**3 - 7*m**2 - 6*m - 11. Let h be v(8). Suppose 3*i = -2*q + 9, -3*i + 20 - 2 = h*q. Calculate the remainder when 11 is divided by (16 - 11)*1/i.
1
Suppose -3*u + 154 = -5*t + 35, -2*u + 71 = 5*t. What is the remainder when 162 is divided by u?
10
Let r = -280 + 402. What is the remainder when r is divided by 18?
14
Let y = 22 + -22. Suppose y = -5*s - 37 + 287. Suppose 10*o + s = b + 5*o, -5*b + 355 = -4*o. Calculate the remainder when b is divided by 26.
23
Let b(r) = -40*r + 81. Calculate the remainder when b(-10) is divided by 23.
21
Suppose b = -2*v + 4*v - 54, 4*b + 3*v = -183. Let t be 0 - ((b - 1) + 3). What is the remainder when ((-1 - t) + 0)*-1 is divided by 25?
22
Let v be 0*(9/6)/3. Suppose 0 = 4*s, -5*s - 256 = -v*b - 4*b. Calculate the remainder when b is divided by 23.
18
Let g(v) = 5*v**3 + v**2 - 15*v + 7. What is the remainder when g(4) is divided by 22?
19
Let q(r) = -r**3 - 13*r**2 + 4*r - 5. Let o be q(-14). Suppose -5*j + 2*j - 3*l = -o, -3*j = -l - 139. What is the remainder when j is divided by 12?
10
Let l = -5 + 21. Suppose -2*x + 3*y + 4 + 1 = 0, -x - 3*y = -l. Calculate the remainder when 54 is divided by x.
5
Let l = 33 + -23. Let d(u) = -u**2 + 11*u - 3. Let g be d(11). What is the remainder when g/(-4) + (-339)/(-12) is divided by l?
9
Let l(d) = -d**3 - 15*d**2 + 35*d + 31. What is the remainder when 68 is divided by l(-17)?
12
Suppose 7 = d - 4. Suppose 10*n = d*n - 63. Let z = 70 + -48. What is the remainder when n is divided by z?
19
Let c = -32 + 95. Calculate the remainder when 374 is divided by c.
59
Let x = 237 - 143. Suppose -5*v + x = -526. Suppose l + 3*l = v. What is the remainder when l is divided by 8?
7
Let g(o) = o - 26. Let a be g(0). Let y = -1 - a. What is the remainder when y is divided by 11?
3
Suppose -5*g + 6 = 137*l - 136*l, 78 = 2*l - g. Let q(t) = t**2 + 7*t - 8. Calculate the remainder when q(6) is divided by l.
34
Let n = 59 + 44. Let u = n - 46. Suppose 4*c = -3*m + u, -25 = -2*c + 4*m + 31. What is the remainder when 69 is divided by c?
15
Suppose -40 = 32*i - 33*i. Suppose 0 = -6*u + 14 + i. Calculate the remainder when 34 is divided by u.
7
Suppose -3*f + 60 = -0*f. Suppose 6*l + f = l. What is the remainder when 4 + 0/l + 3 is divided by 2?
1
Let y = -56 - -38. Let i = y - -31. What is the remainder when (-140)/6*18/(-12) is divided by i?
9
Suppose l - 17 = 1. What is the remainder when 28 is divided by l?
10
Suppose -2*t + 75 = 3*t. Let p be 219/t + (-2)/(-5). Suppose 5*z - p - 45 = 0. What is the remainder when z is divided by 5?
2
What is the remainder when -6 + 5/(-5) - -49 is divided by 4?
2
Let u(w) = 7*w**2 + 7*w - 5. Let z be u(4). Calculate the remainder when 21 is divided by ((-2)/(-5))/(9/z).
3
Let k = -377 + 473. Let w(d) = -d**2 + d + 25. Calculate the remainder when k is divided by w(0).
21
Suppose 0 = -6*n - 7*n + 1664. Suppose 4*r = 13*q - 9*q - n, -4*r = 4*q - 136. What is the remainder when q is divided by 21?
12
Let m be -1*(-2 - -4 - 25). Let f = 47 - m. What is the remainder when 46 is divided by f?
22
Let b = -103 - -108. Suppose 7*l - 58 = b*l. Suppose -7*n + 3*n + 4*h = -60, 5*n - 78 = 2*h. Calculate the remainder when l is divided by n.
13
Let u = -45 - -43. Let f(r) = -4*r - 1. What is the remainder when f(u) is divided by 4?
3
Suppose -4*p + 2*b + 536 = 0, -4*p + 625 = -4*b + 97. What is the remainder when p is divided by 50?
36
Let d = -424 - -794. What is the remainder when d is divided by 12?
10
Suppose 19*j - 3377 = 8*j. Calculate the remainder when j is divided by 28.
27
Suppose 706 = 5*z + 21. What is the remainder when z is divided by 46?
45
Suppose -4*m + 81 = -5*p, 7*m = 2*m - 3*p + 92. Suppose 2*j = j - 2*i + 26, 0 = -4*j - 4*i + 116. What is the remainder when j is divided by m?
13
Suppose -4*k = -5*h - 526 - 916, h - 356 = -k. What is the remainder when k is divided by 46?
36
Calculate the remainder when 264 is divided by (-7*(-4)/(-12))/((-3)/153).
26
Let g(c) = -13*c + 101. What is the remainder when 193 is divided by g(5)?
13
Let t(z) = -z**2 + 8*z - 11. Let b be t(8). Let m = 5 + b. What is the remainder when 12 is divided by (-2)/6 - 44/m?
5
Let x(r) = -r + 1. Let c be x(-5). Let b(v) = 2*v + 1. Let p = -7 - -12. Calculate the remainder when b(c) is divided by p.
3
Let h(j) = 4*j - 1. Suppose -7*q - 200 = -12*q. What is the remainder when q is divided by h(3)?
7
Let q = 76 - 15. Suppose -2*p - q = -5*f, 5*f + p - 49 = -p. Suppose 15*b = 191 + 94. What is the remainder when b is divided by f?
8
Let x = -44 - -48. Calculate the remainder when 90 is divided by x.
2
Let u(o) = -o + 38. Suppose 5*d - 159 = -z, 0*d - d + 421 = 3*z. What is the remainder when z is divided by u(3)?
34
Calculate the remainder when ((-15)/3)/(5/(-45)) + 3 is divided by 20.
8
Let a = -62 - -62. What is the remainder when 39 is divided by 10/(-50)*a - -1*22?
17
Let x(p) = p**3 - 8*p**2 + 8*p + 6. Let k(o) = o**2 - 62*o - 688. What is the remainder when k(-10) is divided by x(7)?
6
Suppose 2*k - 87 = k. Let m(z) = -64*z + 329. Let u be m(5). Let b = k - u. What is the remainder when b is divided by 27?
24
Let m be (16/(-20))/((-4)/10). Let q(u) = m - 3*u - 2*u**3 + 5*u**3 - 2*u**2 - u**3. Calculate the remainder when 15 is divided by q(2).
3
Let d(z) = 6*z**2 + 17*z - 75. What is the remainder when 116 is divided by d(-6)?
38
Let m = 174 + -21. What is the remainder when m is divided by 77?
76
Suppose -8*b + 22*b = 140. Calculate the remainder when 177 is divided by b.
7
Suppose -2*w = -4*w + 12. Calculate the remainder when 9/w*(-1212)/(-18) is divided by 34.
33
Let p be ((-18)/(-15))/((-15)/(-2350)). Suppose -z + p = z. What is the remainder when z is divided by 19?
18
What is the remainder when 44 is divided by -4 + 16 + 4/1?
12
Suppose -34 = -4*y + 2*y + 2*z, 0 = y - 4*z - 2. What is the remainder when 65 is divided by 37*1 + (19 - y)?
31
Let k(t) = 7*t. Suppose -3*b = -3*l, -2*b + 4 = 5*l - 10. Let r be k(b). Let w(z) = 3*z - 4. What is the remainder when 111 is divided by w(r)?
35
Suppose 0*x + 74 = 4*x - 2*l, -5*x = -4*l - 85. Suppose x = -2*y + 25. Suppose -19 = -y*k + 1. Calculate the remainder when 48 is divided by k.
8
Calculate the remainder when (4/12)/((-3)/(-6390)*5) is divided by 42.
16
Let b(l) = l**3 + 9*l**2 + 6*l + 10. Let v be 8/(-6)*15/(-10). Let k(g) = -5*g + 2. Let t be k(v). What is the remainder when b(t) is divided by 7?
5
Suppose 78*c = -174 + 642. Calculate the remainder when ((-1)/3)/((-3)/261) is divided by c.
5
Let x(q) = -q**2 + q - 1. Let g(w) = 5*w**2 + 2*w + 4. Let s(d) = g(d) + 6*x(d). Let l be s(6). Calculate the remainder when 5/l*38/1 is divided by 11.
8
Let u(b) = b**2 + 14*b + 20. Let j be u(-12). Calculate the remainder when 37 is divided by (-3)/(54/j) + 178/9.
17
Suppose -4*t - 3 + 40 = 5*m, 0 = 3*t + 4*m - 29. What is the remainder